mainder when 176 is divided by z(24).
16
Let c(b) = -b**2 + 10*b - 7. Suppose h + 7*x + 2 = 4*x, 5*x + 29 = 2*h. Let n be c(h). Calculate the remainder when ((-371)/n)/((-2)/4) is divided by 28.
25
Let r(x) = -2*x - 9. Let l be (95/(-10))/((-1)/(-2)). Calculate the remainder when r(l) is divided by 16.
13
Let m = 11 - 24. Let w = m - -15. Suppose 1 = w*a - 3. Calculate the remainder when 4 is divided by a.
0
Suppose 173 - 334 = -7*h. Calculate the remainder when 74 is divided by h.
5
Let o(l) = 0*l**3 + l**3 + 4*l**3 - 111*l + 115*l - 3*l**2. Suppose 0 = a + 2*i - 3*i - 36, a = 4*i + 21. Calculate the remainder when o(3) is divided by a.
38
Let t(k) = -k**2 + 13*k + 10. Let d be t(11). Let f = d - 23. Calculate the remainder when f is divided by 2.
1
Let g(w) = w**3 - 5*w**2 - 5*w - 4. Let n be g(6). Suppose 14 = 4*x - 4*h - 54, -n*h + 50 = 4*x. What is the remainder when 40 is divided by x?
12
Calculate the remainder when 20 is divided by (10/5 - 2) + 11.
9
Suppose 0*r + 11*r = 2046. Let c = r - 181. Suppose j + 0*j = 8. Calculate the remainder when j is divided by c.
3
Let i(d) = -2 + 0 - d**3 + 2*d**3 - 7*d**2 + 6*d + 9. What is the remainder when 19 is divided by i(6)?
5
Let l(u) = u**3 + 9*u**2 + 20. Suppose 2*h - 82 = -3*i, 5*h - 4*i - 89 - 70 = 0. What is the remainder when h is divided by l(-9)?
15
Let z(f) = -f**2 - 13*f + 19. Let w be z(-13). Let j = -17 + w. Suppose c - j = 17. What is the remainder when c is divided by 4?
3
Let w(d) be the third derivative of -d**6/15 - d**4/24 + 8*d**2. Calculate the remainder when w(-1) is divided by 2.
1
Suppose 3*f - 1364 = -455. Calculate the remainder when f is divided by 100.
3
Suppose 31*h + 179 = 737. What is the remainder when 421 is divided by h?
7
Let f(r) = -r**3 - 11*r**2 + 14. Suppose -3 = -2*h - 5*q + 5, -3*q + 20 = 5*h. Calculate the remainder when f(-11) is divided by h.
2
Suppose -r - 277 = -3*f, f - 80 - 19 = -r. What is the remainder when 749 is divided by f?
91
Let n be (8 - 5)/(2/10). Calculate the remainder when (19 - -1) + (13 - n) is divided by 10.
8
Let d be (26/(-52))/((-1)/(-12)). Calculate the remainder when 7 is divided by (-3)/d + 33/6.
1
Let s = 63 + -57. Calculate the remainder when 83 is divided by ((-3)/9 - 10/s)*-14.
27
Let l(f) = -f**3 + 2*f**2 + 7*f - 22. Let q be l(4). Let x = q + 40. What is the remainder when x is divided by 9?
5
Suppose t + r = 10, -6*t = -5*t + 3*r. Let x = 28 - t. Calculate the remainder when 49 is divided by x.
10
Suppose 13*j - 5*j - 144 = 0. Let u be (2/2)/((-5)/40). Let c(n) = -9*n - 2. Calculate the remainder when c(u) is divided by j.
16
Let c = -3632 + 3671. Let g = -11 + 25. What is the remainder when c is divided by g?
11
Let u = 22 + -19. Let m(r) = -r**2 + 6*r - 7. Let w be m(u). What is the remainder when (5 + -4)/(w/22) is divided by 6?
5
Let d = -777 + 1349. Calculate the remainder when d is divided by 115.
112
Suppose x = -0*x + 4. Let z(c) = c**2 + 13*c - 3. Let a be z(-14). Suppose -33 = -4*r + a. Calculate the remainder when r is divided by x.
3
Let v(g) = 4*g**3 - 4*g - 1. Let t be v(-4). Let q = 46 + t. Let p = q + 297. Calculate the remainder when p is divided by 21.
18
Suppose -8 = 21*p - 23*p. Suppose -31 = -3*b - p. What is the remainder when 42 is divided by b?
6
Let b = 4 + 2. Let o = -39 - -24. Calculate the remainder when (o/(-4))/(129/24 - 5) is divided by b.
4
Let v(p) = 6*p**2 - 20*p - 30. Calculate the remainder when v(-3) is divided by 22.
18
Let d(i) = i**3 + 21*i**2 + 80*i + 6. Let n = 3 - -1. What is the remainder when d(-16) is divided by n?
2
Suppose 0 = -d + 8 + 10. Let o(b) = -35*b**3 - b**2 + 76*b + 76. Calculate the remainder when o(-1) is divided by d.
16
Suppose 53 = 10*r - 167. Calculate the remainder when 196 is divided by r.
20
Let q(r) be the second derivative of -r**3/6 + 10*r**2 + r. Suppose 8*u - 4*x - 91 = 7*u, -12 = 4*x. Calculate the remainder when u is divided by q(0).
19
Suppose 5*s - k - 3 = 6, 0 = -3*s - 5*k - 17. Let n = s - -40. What is the remainder when n is divided by 12?
5
Suppose 13*g - 150 + 46 = 0. What is the remainder when 93 is divided by g?
5
Suppose -816 = -10*l + 4*l. Suppose 2*t - l = -6*t. Calculate the remainder when t is divided by 10.
7
Let w = -215 - -660. Let n be 4/(-14) + w/(-35). Let v = -11 - n. What is the remainder when v is divided by 1?
0
Let k(h) = 12*h**2 + 12*h - 35. What is the remainder when k(3) is divided by 14?
11
Let p(y) = -4*y. Let q be (-2 + 26)*(-14)/21. Let b = q - -14. Calculate the remainder when 22 is divided by p(b).
6
Let o be 2/(-4) - 15/(-6). Suppose -o*c + 404 = 2*y - c, 2*c = -8. Let p = -117 + y. What is the remainder when p is divided by 18?
15
Suppose 0 = 2*o + 10, 0 = 4*s + 7*o - 6*o - 463. Calculate the remainder when 333 is divided by s.
99
Let r(w) = 7*w - 22. Let j be r(-10). Calculate the remainder when 4 - j/(-8)*-2 is divided by 10.
7
Let w(z) = z**3 + 11*z**2 + 11*z + 12. Let s be w(-10). Let j be 1/s - (-1749)/6. Suppose 5*b + 102 - j = 0. What is the remainder when b is divided by 10?
8
Calculate the remainder when 255 is divided by (25 - 1)*(10/15 - 0).
15
Let q = -9 - -11. Let w(o) = -11 - 3*o**2 + q*o**2 + 4 + 3*o + 9*o. What is the remainder when w(8) is divided by 14?
11
Let c(p) = 3*p**2 + 8*p + 106. Calculate the remainder when c(-6) is divided by 56.
54
Suppose 0 = 4*u + 5*a - 51, 3*u - 4*a - 40 = 6. What is the remainder when 81 is divided by u?
11
Let g = 0 + 2. Let v be (-3 - (-16)/g)*1. Suppose -v*j + 49 = -11. Calculate the remainder when 22 is divided by j.
10
Suppose -3*w + 1 + 5 = 0. Let c(f) = f**2 + 8*f + 1. Calculate the remainder when w is divided by c(-8).
0
Let z = -32 + 46. Let w = z - 12. Suppose -o + 134 = 4*q + o, 0 = 4*q - w*o - 130. Calculate the remainder when q is divided by 17.
16
Let y(s) = s**2 + 4*s + 2. Suppose -5*l + 0*l + 25 = -5*k, -2*k = -4*l + 6. What is the remainder when y(k) is divided by (18/5)/6 + 108/20?
5
Let d(k) = -k**3 - 5*k**2 - 3*k - 4. Suppose 3*c - c - 2 = 0. Let a = c - -12. Calculate the remainder when d(-6) is divided by a.
11
Let u be 4 - (-1 + 12/4). What is the remainder when (u/1)/6 + (-551)/(-3) is divided by 37?
36
Suppose -145*k = 123*k - 6164. Calculate the remainder when 81 + (-2)/(-2) + 0 is divided by k.
13
Let u be 2885/20 + 2/(-8). Let g = u - 27. Calculate the remainder when g is divided by 30.
27
Let p(k) be the third derivative of -k**4/24 + 4*k**3/3 + 24*k**2. What is the remainder when 53 is divided by p(-6)?
11
Let a(l) = l**2 + 11*l - 118. Calculate the remainder when 202 is divided by a(-19).
32
Suppose 2*s - 7 = -1, 4*d + 4*s = 332. Calculate the remainder when d is divided by 28.
24
Let h be -2*5/10*0. Suppose h = -k + 5*k - 360. What is the remainder when k is divided by 23?
21
Let m = 13 - 7. Let z(r) = -r + 4. Let u be z(m). Calculate the remainder when 4 + u + -2 + 21 is divided by 6.
3
Let u = 130 - 55. What is the remainder when u is divided by 28?
19
Let p be 0/(3*4/(-3)). Suppose h - 3*h = p. Suppose -d - 5*r + 1 = 9, -4*d + r + 31 = h. What is the remainder when 11 is divided by d?
4
Let c = -8 + 6. Let n be -87 - c - (5 + -5). What is the remainder when 14 is divided by 1/3 + n/(-15)?
2
Let j = -2 - -8. Suppose j = 3*l - l. Let g(m) = 9*m**3 - m**2 - 1. What is the remainder when g(1) is divided by l?
1
Suppose 4*k - 2*k = -2*x + 1072, 0 = -x - 4*k + 536. What is the remainder when x is divided by 18?
14
Suppose -2*j + 0 = 4. Let l = j - 10. Calculate the remainder when 12 is divided by (-4 - -5) + l/(-3).
2
Suppose -3*v + 2 = -2*v, 5*h - 16 = -3*v. Suppose w + 2*w = 9, 46 = j + h*w. Calculate the remainder when j is divided by 6.
4
Let g = -32 + 130. Suppose -q = -m - g, 0*q - 108 = -q - m. What is the remainder when q is divided by 35?
33
Let j = -29 + 82. Calculate the remainder when j is divided by 21 + (-2 - -1)*(-8 + 10).
15
Suppose 4*o - 83 = 97. Calculate the remainder when o is divided by 24.
21
Suppose 9*f - 619 = 398. What is the remainder when f is divided by 8?
1
Suppose -15 = -0*o - 5*o. Let n(m) = -4*m**2 + 96*m - 88. Calculate the remainder when n(23) is divided by o.
1
Suppose -4*f - c + 1063 = -4*c, -3*f = c - 794. Suppose 15*l + f = 20*l. What is the remainder when l is divided by 14?
11
Let h be 4*(-3 